{"id":52,"date":"2020-06-03T19:33:07","date_gmt":"2020-06-03T16:33:07","guid":{"rendered":"http:\/\/www.aresbilisim.net\/sikca-sorulan-sorular\/"},"modified":"2022-01-29T20:16:21","modified_gmt":"2022-01-29T17:16:21","slug":"sikca-sorulan-sorular","status":"publish","type":"page","link":"https:\/\/www.aresbilisim.net\/?page_id=52","title":{"rendered":"S\u0131k\u00e7a Sorulan Sorular"},"content":{"rendered":"\n<blockquote class=\"wp-block-quote\"><p>1- Ares Bili\u015fim ne zaman kuruldu?<\/p><cite>Ares Bili\u015fim faaliyetine 2004 y\u0131l\u0131ndan beri devam etmektedir.<\/cite><\/blockquote>\n\n\n\n<p><\/p>\n\n\n\n<blockquote class=\"wp-block-quote\"><p>2-Ares Bili\u015fim hangi sekt\u00f6rlerde faaliyet g\u00f6stermetedir?<\/p><cite>Ares Bili\u015fim olarak Toplu SMS, onlime form , Wen ve mobil yaz\u0131l\u0131m hizmetleri ve Ara\u00e7 Takip sistemleri gibi sekt\u00f6rde hizmetini s\u00fcrd\u00fcrmektedir.<\/cite><\/blockquote>\n\n\n\n<p><\/p>\n\n\n\n<blockquote class=\"wp-block-quote\"><p>3-Ares Bili\u015fim&#8217;in ana merkezi nerededir?<\/p><cite>Ana merkezimiz Bursa&#8217;dad\u0131r.<\/cite><\/blockquote>\n\n\n\n<p><\/p>\n\n\n\n<blockquote class=\"wp-block-quote\"><p>4- \u00c7al\u0131\u015fma g\u00fcn ve saatleri ne zamand\u0131r?<\/p><cite>Siz de\u011ferli m\u00fc\u015fterilerimize 7\/24 Teknik destek hizmeti vermekteyiz.<\/cite><\/blockquote>\n\n\n\n<p><\/p>\n\n\n\n<blockquote class=\"wp-block-quote\"><p>5- \u015eirket vizyonu nedir?<\/p><cite>Ares Bili\u015fim olarak m\u00fc\u015fteri odakl\u0131 olmay\u0131 ve \u00e7a\u011f\u0131n gerektirdi\u011fi yenilikleri hizmet verdi\u011fimiz t\u00fcm sekt\u00f6rlerde kullanmay\u0131 hedef belirlemi\u015ftir.<\/cite><\/blockquote>\n\n\n\n<p><\/p>\n","protected":false},"excerpt":{"rendered":"<p>1- Ares Bili\u015fim ne zaman kuruldu? Ares Bili\u015fim faaliyetine 2004 y\u0131l\u0131ndan beri devam etmektedir. 2-Ares Bili\u015fim hangi sekt\u00f6rlerde faaliyet g\u00f6stermetedir? Ares Bili\u015fim olarak Toplu SMS, onlime form , Wen ve mobil yaz\u0131l\u0131m hizmetleri ve Ara\u00e7 Takip sistemleri gibi sekt\u00f6rde hizmetini s\u00fcrd\u00fcrmektedir. 3-Ares Bili\u015fim&#8217;in ana merkezi nerededir? Ana merkezimiz Bursa&#8217;dad\u0131r. 4- \u00c7al\u0131\u015fma g\u00fcn ve saatleri ne [&hellip;]<\/p>\n","protected":false},"author":1,"featured_media":0,"parent":0,"menu_order":0,"comment_status":"closed","ping_status":"closed","template":"","meta":[],"_links":{"self":[{"href":"https:\/\/www.aresbilisim.net\/index.php?rest_route=\/wp\/v2\/pages\/52"}],"collection":[{"href":"https:\/\/www.aresbilisim.net\/index.php?rest_route=\/wp\/v2\/pages"}],"about":[{"href":"https:\/\/www.aresbilisim.net\/index.php?rest_route=\/wp\/v2\/types\/page"}],"author":[{"embeddable":true,"href":"https:\/\/www.aresbilisim.net\/index.php?rest_route=\/wp\/v2\/users\/1"}],"replies":[{"embeddable":true,"href":"https:\/\/www.aresbilisim.net\/index.php?rest_route=%2Fwp%2Fv2%2Fcomments&post=52"}],"version-history":[{"count":6,"href":"https:\/\/www.aresbilisim.net\/index.php?rest_route=\/wp\/v2\/pages\/52\/revisions"}],"predecessor-version":[{"id":342,"href":"https:\/\/www.aresbilisim.net\/index.php?rest_route=\/wp\/v2\/pages\/52\/revisions\/342"}],"wp:attachment":[{"href":"https:\/\/www.aresbilisim.net\/index.php?rest_route=%2Fwp%2Fv2%2Fmedia&parent=52"}],"curies":[{"name":"wp","href":"https:\/\/api.w.org\/{rel}","templated":true}]}}